inder when i is divided by v.
8
Suppose 9*w = -5 + 113. Suppose -2*q - m = -23, 0 = 5*m - m - w. Calculate the remainder when 24 is divided by q.
4
Let a be (-6)/(-1)*28/21. Suppose -4*l + f = -a, -l = -5*l - f. Let h = 5 + l. What is the remainder when 17 is divided by h?
5
Let x(k) = 7*k. Let i be x(3). What is the remainder when ((-129)/(15/(-5)))/1 is divided by -2*(i/(-6) + -2)?
10
Calculate the remainder when 4 is divided by (-12)/(-3*6/9) + -3.
1
Let z = 13 + -13. Let q be 2/(z - (-3)/(-114)). Let l = -42 - q. What is the remainder when l is divided by 18?
16
Suppose 251*a = 1576 - 70. Let z(q) = 33*q**2 + q + 1. Calculate the remainder when z(-1) is divided by a.
3
Suppose 2*b - 202 = -2*h, -3*h - 2*h - 303 = -3*b. Suppose 6*x - 167 + 11 = 0. What is the remainder when b is divided by x?
23
Suppose -2*v = -b - 41, -3*v + 5*b = -62 + 4. What is the remainder when 146 is divided by v?
20
Suppose f = -2*q + 3, -5*q - 6 = 5*f - 21. Calculate the remainder when 131 is divided by f/2 - (-261)/6.
41
Let l be (19 - -273)*3/4. Suppose 146 + l = 5*y. What is the remainder when y is divided by 19?
16
Let f(d) = -52*d - 60. Calculate the remainder when f(-3) is divided by 17.
11
Let v be (-1)/(4 + (-182)/46). Let m = 44 + v. Calculate the remainder when 40 is divided by m.
19
Calculate the remainder when 122 is divided by (-5)/3*(-14016)/320.
49
What is the remainder when 10350/24 - (-4 - 17/(-4)) is divided by 31?
28
Let y be 12/(-42) - (-555)/7. Let a = y - 27. What is the remainder when a is divided by 14?
10
Let v = 53 + -10. Let w = -162 - -179. Calculate the remainder when v is divided by w.
9
Suppose 3*d + 4*r = -105, 4*d - 2*r = -4*r - 150. Let z = -30 - d. What is the remainder when 22 is divided by z?
4
Suppose -720 = -11*o + 7*o. Suppose -3*s + 7*s - o = 0. Calculate the remainder when s is divided by 24*((-1)/(-2) + 0).
9
Calculate the remainder when ((-154)/(-10) + -6)/(3/45) is divided by 12.
9
Let z(v) = 4*v**2 - 28*v + 44. Calculate the remainder when 156 is divided by z(7).
24
Let h = 127 + -91. Let v be (-10)/(-3) + (1 - (-35)/(-15)). Suppose v*s = -6, q - 8 + 4 = -3*s. Calculate the remainder when h is divided by q.
10
What is the remainder when (-258)/(-2) - 8/(-8) is divided by 19?
16
Let i(b) = 52*b**2 + 41*b - 2. What is the remainder when 39 is divided by i(-1)?
3
Suppose -g + 5*n = -6*g + 30, -2*g + 4*n - 6 = 0. Suppose 2*l = -4*u + 20, -18 = -g*u + 3*l - 6*l. What is the remainder when 15 is divided by u?
3
Let n = -2085 + 2125. What is the remainder when n is divided by 5 - -2 - (-1 - -2)?
4
Suppose -2*d = -3*d + 17. Let m be (-7)/3 + 14/(-21). Calculate the remainder when d is divided by (4/m)/((-8)/36).
5
Let k(v) = -8*v**2 + 13 + 4*v**2 + 4*v**2 - 8*v + v**2. Calculate the remainder when 8 is divided by k(6).
0
Let v = 17 + -12. Suppose -v*t = -t. Suppose 0*p + 2*p - 44 = t. Calculate the remainder when 43 is divided by p.
21
Let a = 52 - 32. Let i(z) = 4*z - 13. Calculate the remainder when i(a) is divided by 23.
21
What is the remainder when 0 + 4 - 10 - (-32 + 1) is divided by 3?
1
Let p(q) = 3*q - 8. Let w = 3 + 3. Let z be p(w). Suppose 0 = -2*g + z + 4. Calculate the remainder when 20 is divided by g.
6
Suppose -15 = 63*q - 58*q. What is the remainder when 22 is divided by q - -6 - -10 - (3 + -3)?
9
Let b = -52 - -12. Let i be ((-18)/5)/(8/b). Suppose 2*y + 3*l - i = 0, y - 16 = -2*y + l. Calculate the remainder when 21 is divided by y.
3
Suppose 0 = -2*c - 5*c - 490. What is the remainder when 21 is divided by (8/(-5))/(28/c)?
1
Let s = -700 - -749. Calculate the remainder when 191 is divided by s.
44
Suppose 5*k - 14*y = -15*y + 573, -k = y - 113. What is the remainder when k is divided by 17?
13
Let t = 6 - 3. Suppose t*o = -o + 32. Suppose -96 = -12*n + o*n. What is the remainder when n is divided by 13?
11
Suppose 43 = 2*x + 7. Calculate the remainder when 610 is divided by x.
16
Let b = -431 - -795. Suppose -4*y - 64 = -b. Calculate the remainder when y is divided by 19.
18
Let z(y) = -3*y - 1. Let l be z(-5). Suppose 0 = l*c - 16*c + 2. Suppose 52 = 3*q + c. Calculate the remainder when 45 is divided by q.
11
Suppose 0*m - 3*m + 45 = 0. What is the remainder when (84/(-10))/(4/(-20)) is divided by m?
12
Suppose 0 = -2*p + 15 + 19. Let s be (72/(-48))/(-1 + 46/52). Suppose c - p = 4*z, -2*c + z = -0*z - s. What is the remainder when 13 is divided by c?
3
Let d = 19 - 4. Let y(h) = -h**3 - 3*h**2 + 5*h - 7. Calculate the remainder when (2 + d/4)*12 is divided by y(-5).
15
Suppose -s - 4*k + 0 + 37 = 0, 0 = 3*s - 2*k - 41. What is the remainder when 184 is divided by s?
14
Let q = -3 - -23. Suppose r + s - 15 = 0, r = 4*s - 1 - 4. Calculate the remainder when q is divided by r.
9
Let w(g) = 38*g + 21. Let m be w(9). Suppose -5*n + 16*n = m. What is the remainder when n is divided by 20?
13
Let w(o) = o**3 - 3*o**2 - 3*o - 7. Let v be w(5). Suppose -v + 4 = -4*b. Let y = 3 + b. What is the remainder when y is divided by 3?
0
Let q(d) = 2*d**3 - 62*d**2 - 4*d + 168. What is the remainder when 1934 is divided by q(31)?
42
Let k = 78 + -65. Calculate the remainder when (-2 - 1)/((-9)/66) is divided by k.
9
Let t(z) = 2*z**2. Let h be t(1). Suppose -2*j - 3*j + 4*m = -88, -5*j = -h*m - 84. Let q = 155 + -93. What is the remainder when q is divided by j?
14
Let x(v) = 3*v**3 - v**2 - 2*v - 1. Let k = -12 - -24. Suppose 3*j = k + 69. What is the remainder when j is divided by x(2)?
12
Calculate the remainder when (-6 - 642/(-6)) + -6 + 1 is divided by 26.
18
Let k(l) = 2*l**2 + l + 1. Suppose 1 = 2*t - 3. Let d be k(t). Let v = d + 1. What is the remainder when 22 is divided by v?
10
Suppose 29 = 3*v - 4*d, d + 0*d - 1 = -2*v. Suppose v*x + 214 = -2*c + 4*c, c = x + 73. Let j = -39 - x. What is the remainder when j is divided by 16?
13
Let y = -165 - -182. Calculate the remainder when 160 is divided by y.
7
Let t be (-2)/4 - 693/(-42). Suppose 3*l = 182 + t. What is the remainder when (-12)/l + 464/11 is divided by 12?
6
What is the remainder when 104 is divided by (-1)/(1 - 4) + (-276)/(-9)?
11
Suppose 8*y - 14*y = -1014. Calculate the remainder when y is divided by 19.
17
Suppose 4 = u - 5. What is the remainder when (-6 - -4)/2*-14 is divided by u?
5
Calculate the remainder when 555 is divided by (22 + -13 - 195)*1/(-2).
90
Suppose -c + 12 = -3*c - 4*i, -36 = 5*c + 4*i. Let z = 28 + c. Let t = z - 17. Calculate the remainder when 12 is divided by t.
0
Let p = 6 + -33. Let u = 0 - p. Suppose -3*t + 57 = 3*n, -16*n + 89 = 5*t - 13*n. Calculate the remainder when u is divided by t.
11
Suppose m + 4*u = 7*u + 3, 2*m + 5*u - 39 = 0. Let o be -1 + (319 - 1)/2. Let l = o - 113. What is the remainder when l is divided by m?
9
Let c = -2219 - -2643. What is the remainder when c is divided by 3?
1
Let k be ((-39)/(-12))/((-4)/(-16)). Calculate the remainder when 1/2 - (-111)/6 is divided by k/2 + (-2)/(-4).
5
Calculate the remainder when -1 + (1 - -29) - 17/(-17) is divided by 19.
11
Suppose 59 - 17 = -14*l. Calculate the remainder when ((-6)/(-10)*-2)/(l/60) is divided by 9.
6
Let q(z) = 13*z**3 + 2*z**2 + z - 3. What is the remainder when 33 is divided by q(1)?
7
Let m be (1 - -4) + (0 - 1). Suppose m*u + c = 31, 3*u + 2*c = 28 - 11. What is the remainder when u is divided by 15/(-12)*(-224)/70?
1
Suppose -4*r + 689 = a - 500, -5*a = r - 321. What is the remainder when r is divided by 105?
86
Let k = -1277 + 1392. What is the remainder when k is divided by 9?
7
Let h(x) = -5*x**3 + 5*x**2 + 6*x + 1. Calculate the remainder when h(-2) is divided by 9.
4
Let q(l) = 12*l + 21. What is the remainder when 457 is divided by q(1)?
28
Suppose 6*p - 344 = -26. Calculate the remainder when 158 is divided by p.
52
Suppose -7 = -5*k + f + 13, 5*k + 3*f - 20 = 0. Suppose -2*i = -k*i + 10. Suppose -i*x = -10*x + 105. Calculate the remainder when 41 is divided by x.
20
Suppose 5*x - 186 = 2*p - 27, p + 5*x + 117 = 0. Let s = p - -111. What is the remainder when 34 is divided by s?
15
Let y(s) = -8*s**3 - 5*s**2 - 5*s + 2. Let f = 2 + 275. Calculate the remainder when f is divided by y(-2).
53
Let a(x) = -x**2 + 15*x - 1. Let i be a(13). Suppose -5*w + i = -35. Let t(v) = -v + 10. Calculate the remainder when w is divided by t(5).